at is the tens digit of n?
1
Let i = 5 + 0. Suppose -3*v = -t + 4*t - 1188, 5*v + i = 0. Suppose 0 = 3*r - 95 - t. What is the tens digit of r?
6
Suppose -2*c + c = -6. Suppose j - 1496 = c*j + p, -3*p + 12 = 0. What is the tens digit of ((-3)/4)/(3/j)?
7
Let h(t) = -t**3 + 12*t**2 + 44*t + 15. Let q be h(15). Suppose q = -2*k + 2*m + 392, 4*m + 18 = -2. What is the hundreds digit of k?
1
Suppose -312*o = -295*o - 134861. What is the units digit of o?
3
Suppose -k - 2*z + 3367 = 0, -5*z + 6041 = -4*k + 19444. What is the units digit of k?
7
Suppose -3*x = 2*t - 2, 0 = 5*x + 6*t - 2*t. Suppose 0*b - 320 = -4*b + 5*u, 3*u - 288 = -x*b. What is the units digit of b?
5
Let d(y) = 20*y**2 + 17 + 23*y + 17*y**2 - 35*y**2. What is the units digit of d(-11)?
6
Let g(u) = -u**3 + 17*u**2 + 5*u - 17. Let m(p) = -6*p - 6. Let v be m(-4). Let y = -1 + v. What is the tens digit of g(y)?
6
What is the thousands digit of 103*3/((-30)/(-550))?
5
What is the ten thousands digit of 10053 - (72/(-21) + 4)/(22/231)?
1
Suppose 245*t - 241*t - 2*y - 155554 = 0, 3*t - y - 116663 = 0. What is the ten thousands digit of t?
3
Suppose 31*b - 123712 = 36310. What is the units digit of b?
2
Suppose 19*b = 207245 - 70009 + 754149. What is the hundreds digit of b?
9
Let k(g) = -5 + 152*g**3 + 0*g + 0 - 148*g**3 - 3*g**2 - 4*g. Let p be k(4). Let h = p - 106. What is the tens digit of h?
8
Let g be 2*1 - (-19)/((-38)/(-4)). Suppose -3*n + 4400 = g*r, -3*r - 2*r + 2*n = -5523. What is the units digit of r?
3
Let n = -17514 + 42726. What is the thousands digit of n?
5
Let y = -5584 + 5836. Suppose -3*v - 304 + 58 = 0. Let o = y + v. What is the hundreds digit of o?
1
Let f(n) = -17*n**3 + 16*n**2 + n + 1839. Let w(h) = -3*h**3 + 3*h**2 + 368. Let t(x) = -2*f(x) + 11*w(x). What is the units digit of t(0)?
0
Let b(n) = -n**3 - 9*n**2 - 15*n - 7. Let i be b(-7). Suppose i = -7*k - 108 - 417. Let j = 172 + k. What is the units digit of j?
7
Let c be (-2)/(-3) - (-1052)/6. Let y = -6667 - -7227. Suppose -y + c = -3*o. What is the tens digit of o?
2
Let m(v) = 26*v**2 - 1142*v - 115. What is the thousands digit of m(67)?
0
Suppose -3*f + 97 = -26. Let m = f - 38. Suppose 5*p - 12 = -2*s + p, m*s = -3*p + 30. What is the tens digit of s?
1
Let v be ((-33)/5 - -7)/((-1)/(-10)). Suppose -219 - 4225 = -v*n. What is the tens digit of n?
1
Suppose -33*r + 191*r = 8698143 - 2532667. What is the ten thousands digit of r?
3
Let g = 14057 - 9955. Suppose 1378 = 10*s - g. What is the units digit of s?
8
Let v = 32 + -24. Let y be v/6*(-5)/(-40)*12. Let k(x) = 9*x**3 - 4*x**2 + 4*x - 4. What is the units digit of k(y)?
0
Let q be (-5)/45 + 1496/18. Suppose -4*a + 5*x + 126 = -27, 5*a + 4*x = 140. Let u = q - a. What is the tens digit of u?
5
What is the units digit of 1246/4*(336/63)/((-14)/(-18))?
6
Let z(p) = 12*p**2 - 83*p + 236. What is the hundreds digit of z(22)?
2
What is the hundreds digit of -5*1*723/5*(-10)/2?
6
Let r be ((-6)/15*-1)/((-2)/(-10)). Suppose -9 = -r*n - 1. Suppose n*w + m = 154, -m = 4*w + w - 192. What is the tens digit of w?
3
What is the hundreds digit of -6*((-729638)/117)/((-21)/9 + 3)?
1
What is the thousands digit of 1*(-2)/7 - 2803546/(-406)?
6
Suppose -4*q = -4*g - 60244, 18695 = 2*q - 4*g - 11435. What is the tens digit of q?
5
Let g(f) = -f**3 + 58*f**2 + 97*f - 3171. What is the thousands digit of g(49)?
3
Suppose 16*y - 22*y = -168. Suppose -2*f + 4*b + y = 0, -4*f + 4*b + 44 = -0*b. Suppose -2*h = -0*h + f, -2*p + 4*h = -402. What is the tens digit of p?
9
Suppose 3*a + 4776408 = 367*a. What is the ten thousands digit of a?
1
Let h(p) = 2*p**2 + 16*p + 23. Let m(q) = -2*q**3 + 32*q**2 + 5*q - 93. Let n be m(16). What is the hundreds digit of h(n)?
1
Suppose 3*h = p + 13, -13 = -h + 3*h - 5*p. Suppose -x = t - 5*t + h, 4 = -2*x. Let s(b) = 74*b - 7. What is the tens digit of s(t)?
6
Suppose 4336*r - 1626593 = 4295*r. What is the thousands digit of r?
9
Let j = -98 - -198. Suppose 15 = 5*g + 3*h, -3*h + 6 = 2*g - 6*h. Suppose 0 = 4*p + g*b - j, 82 = 5*p - 2*b - 20. What is the units digit of p?
2
Suppose 2*s - i + 62 = -s, -2*s = 2*i + 36. Suppose -5*k - 61 = 294. Let b = s - k. What is the units digit of b?
1
Let y(r) = r**3 + 10*r**2 - 9*r + 22. Let h be y(-11). Suppose -5*m + 2663 + 4737 = -5*q, 5*q + 10 = h. What is the thousands digit of m?
1
Suppose -5*u = 2*f - 872, 2*u + 2*u = -2*f + 876. Let o = -295 + f. Suppose 5*x - o = 134. What is the tens digit of x?
5
Suppose -5*p - 2*p = 51576. What is the tens digit of (2/6)/((-8)/p)?
0
Suppose 9*l - 19 = -2*v + 12*l, -v + 22 = l. Let k be (124/5)/(16/40). Suppose v = -5*p + k. What is the units digit of p?
9
Let k = 73 - 116. Let p = k - -398. What is the hundreds digit of p?
3
Let y be (6/(-28))/(6/8)*-7. Let h be y/(42/(-9) - -5). Suppose -h*s + 723 = -705. What is the hundreds digit of s?
2
Suppose 8*v - 38 = 34. Suppose -v*i = -10690 + 880. What is the thousands digit of i?
1
Let p(w) be the second derivative of w**4/12 - w**3/6 - 15*w**2 - 31*w. Let t be p(7). What is the units digit of 6/4*(54 + t)?
9
Suppose -16*s + 348428 = 70012. What is the hundreds digit of s?
4
Let m(w) be the first derivative of 39/2*w**2 + 9*w - 3. What is the units digit of m(3)?
6
Suppose -61*n = -145569 - 365672. What is the thousands digit of n?
8
Suppose 3*j - 2*c - 13 = -6, -3*j - c = -10. Suppose 27*m - 11856 = j*m. What is the units digit of m?
4
Let h(k) = 331*k**2 + 15*k - 29. Let i be h(2). Let s = i - 723. What is the tens digit of s?
0
Suppose 3*a + 21 = -t, 3*a - 4*a - 7 = -5*t. Let j(i) = -3*i**3 - 7*i**2 + 12*i - 10. What is the hundreds digit of j(a)?
5
What is the thousands digit of (-579972)/187*(-5 + -6)?
4
Let n = 155 + -93. Let g = -56 + n. Suppose r + 5*c = g*r - 290, 4*c + 294 = 5*r. What is the units digit of r?
2
Let c(h) = -h**3 - 6*h**2 + h + 10. Let t(w) be the third derivative of w**4/24 - 3*w**3 - 35*w**2. Let u be t(10). What is the units digit of c(u)?
0
Suppose -g + 20 = 2*g + 4*z, 4*z - 20 = 0. Suppose -4*u = -9*u + 225. Suppose -4*j + g*f = -3*f - u, -j = -5*f + 10. What is the tens digit of j?
1
Let v be 1608/(-16)*(-2)/(-3). Let f = v + 51. Let y = 110 + f. What is the tens digit of y?
9
Suppose -4*b - 5*d = -10*d - 69448, -4*d = 4*b - 69448. What is the thousands digit of b?
7
Let g(i) = i**2 + 20*i + 75. Suppose 4*t + 5*q + 39 = 0, t - 2*q + 90 = -4*t. What is the units digit of g(t)?
1
Suppose 3*r + q - 4437 = 0, 4*r + 0*r - 5916 = -5*q. What is the hundreds digit of 120/72 - r/(-9)?
1
Let r(q) = 4*q**2 - 181*q - 133. Let p be r(46). Let y be (-2)/6 - 26/(-6). Suppose -y*c - p*c + 216 = 0. What is the units digit of c?
4
Suppose 8*h - 83 + 11 = 0. Suppose h*m = 4459 + 9158. What is the tens digit of m?
1
What is the units digit of 7/28*(-158141 + -1)*38/(-57)?
7
Suppose r + 187 = -3*n, -2*r + 7*r + 921 = -n. What is the thousands digit of r/2484 - 93100/(-54)?
1
Let a = 255 - 251. Suppose a*v - 2153 - 367 = -4*f, 3*v = -2*f + 1887. What is the units digit of v?
7
Let s(y) = 5*y**2 - 1. Let p be s(-1). Suppose u = 5*w, u = 2*w - p*w. Suppose w = 4*a + 4*i - 420, 3*a = -2*i - 190 + 504. What is the units digit of a?
4
Suppose 11*m - 6 - 27 = 0. Suppose m*l = u - 266, 5*l + 5*u + 296 + 134 = 0. Let h = 157 + l. What is the units digit of h?
9
Let b(w) = 127*w + 900. What is the tens digit of b(15)?
0
Let j(p) = -3*p**2 + 19*p + 17. Let l(a) = 6*a**2 - 37*a - 33. Let o(q) = -5*j(q) - 3*l(q). Let h be o(8). Let c = h - -84. What is the tens digit of c?
3
Let q(z) = 16*z**2 + 15*z - 41. Let w be q(4). Suppose x - w - 2 = 0. What is the tens digit of x?
7
Let h be (-203)/(3*(-3)/9). Suppose 0 = 35*j - 5 - 170. Suppose 4*r - j*l - h = 330, -5*l - 122 = -r. What is the units digit of r?
7
What is the hundreds digit of (146/8 + 13)*(419 + 1)?
1
Let c(l) = 3 - 3*l**2 - 15*l - 4 + 12*l**2 - l**3. Suppose 0 = -74*f + 90*f - 64. What is the units digit of c(f)?
9
Suppose -3*l + x = 14, -10*l = -5*l - 5*x + 10. What is the units digit of (822/7)/(l - 86/(-14))?
2
Let q be -3 + 1 + 46 + 9 + -3. Let d be (-3630)/q + -1*2/5. Let c = d + 186. What is the hundreds digit of c?
1
What is the thousands digit of 110271/534*(398/14 - 1)?
5
Suppose 0 = -20*p + 29*p + 185328. What is the tens digit of ((-14)